{"id":58,"date":"2012-03-07T19:24:47","date_gmt":"2012-03-07T19:24:47","guid":{"rendered":"http:\/\/www.darrelmann-ingenieure.de\/?page_id=58"},"modified":"2023-02-05T12:17:20","modified_gmt":"2023-02-05T12:17:20","slug":"kundengruppen","status":"publish","type":"page","link":"https:\/\/www.darrelmann-ingenieure.de\/?page_id=58","title":{"rendered":"Kundengruppen \/ Customer Groups"},"content":{"rendered":"<p><!--:de--><\/p>\n<p><span style=\"font-size: large; color: #ed1d27;\"><strong>Starke Partner f\u00fcr sichere Stromversorgung <\/strong><\/span><\/p>\n<p>F\u00fcr die Sicherung der Grundversorgung mit Strom vernetzen sich Energieunternehmen international.<\/p>\n<p>F\u00fcr die Sicherung vor Ort braucht es Know-how-Partnerschaften f\u00fcr die st\u00f6rungssicheren Funktionen.<\/p>\n<p><span style=\"color: #364f6d;\">Wir bieten Ingenieurdienstleistungen f\u00fcr die sichere und unterbrechungsfreie Stromversorgung<\/span><\/p>\n<p><span style=\"color: #364f6d;\">f\u00fcr<\/span><\/p>\n<p><span style=\"font-size: medium; color: #364f6d;\"><strong>\u00a0\u00a0\u00a0\u00a0\u00a0\u00a0\u00a0\u00a0\u00a0 Anlagenbetreiber \u2013 Ger\u00e4tehersteller \u2013 Planungsb\u00fcros<\/strong><\/span><\/p>\n<p><strong>\u00a0<\/strong><\/p>\n<ul>\n<li>Betreiber von sicheren Stromversorgungsanlagen aus<\/li>\n<\/ul>\n<table style=\"width: 660px; height: 97px;\" border=\"0\">\n<tbody>\n<tr>\n<td style=\"padding-left: 30px;\">&#8211;<\/td>\n<td style=\"padding-left: 30px;\">\u00a0Kommunikation:<\/td>\n<td style=\"padding-left: 30px;\">Datenverarbeitung, Telekommunikation und Internet<\/td>\n<\/tr>\n<tr>\n<td style=\"padding-left: 30px;\">&#8211;<\/td>\n<td style=\"padding-left: 30px;\">\u00a0Produktion:<\/td>\n<td style=\"padding-left: 30px;\">verarbeitende Industrie, Prozesssteuerung<\/td>\n<\/tr>\n<tr>\n<td style=\"padding-left: 30px;\">&#8211;<\/td>\n<td style=\"padding-left: 30px;\">\u00a0Sicherheitstechnik:<\/td>\n<td style=\"padding-left: 30px;\">Krankenh\u00e4user, Verkehrs- und Flugsicherung<\/td>\n<\/tr>\n<\/tbody>\n<\/table>\n<ul>\n<li>Hersteller von Komponenten zur\u00a0 sicheren Stromversorgung<\/li>\n<\/ul>\n<p style=\"padding-left: 30px;\">&#8211;\u00a0\u00a0\u00a0\u00a0\u00a0\u00a0\u00a0\u00a0\u00a0 Unterbrechungsfreie Stromversorgungsanlagen<\/p>\n<p style=\"padding-left: 30px;\">&#8211;\u00a0\u00a0\u00a0\u00a0\u00a0\u00a0\u00a0\u00a0\u00a0 Dieselaggregate, Blockheizkraftwerke<\/p>\n<p style=\"padding-left: 30px;\">&#8211;\u00a0\u00a0\u00a0\u00a0\u00a0\u00a0\u00a0\u00a0\u00a0 Energiespeicher<\/p>\n<ul>\n<li>Planungsb\u00fcros und Installationsunternehmen f\u00fcr die sichere Stromversorgung<\/li>\n<\/ul>\n<p><!--:--><!--:en--><\/p>\n<hr \/>\n<p><span style=\"color: #ed1d27; font-size: large;\"><strong>Strong Partners for critical power supply<\/strong><\/span><\/p>\n<p>For the safety of the basic electricity supply energy companies build international networks.<\/p>\n<p>For the safety on site it needs know-how of partnerships for the fail-safe features.<\/p>\n<p><strong>\u00a0<\/strong><\/p>\n<p><span style=\"color: #364f6d;\">We provide engineering services for the safe and uninterrupted power supply<\/span><\/p>\n<p><span style=\"color: #364f6d;\">for<\/span><\/p>\n<p><strong><span style=\"color: #364f6d; font-size: medium;\">\u00a0\u00a0\u00a0\u00a0\u00a0\u00a0\u00a0 Plant Operators <\/span><\/strong><\/p>\n<p><strong><span style=\"color: #364f6d; font-size: medium;\">\u00a0\u00a0\u00a0\u00a0\u00a0\u00a0\u00a0\u00a0\u00a0\u00a0\u00a0\u00a0\u00a0\u00a0\u00a0\u00a0\u00a0\u00a0\u00a0\u00a0\u00a0\u00a0 Equipment Manufacturers<\/span><\/strong><\/p>\n<p><strong><span style=\"color: #364f6d; font-size: medium;\">\u00a0\u00a0\u00a0\u00a0\u00a0\u00a0\u00a0\u00a0\u00a0\u00a0\u00a0\u00a0\u00a0\u00a0\u00a0\u00a0\u00a0\u00a0\u00a0\u00a0\u00a0\u00a0\u00a0\u00a0\u00a0\u00a0\u00a0\u00a0\u00a0\u00a0\u00a0\u00a0\u00a0\u00a0\u00a0\u00a0\u00a0 Planning and Consulting Offices<\/span><\/strong><\/p>\n<ul>\n<li>Provider of critical power supply systems from<\/li>\n<\/ul>\n<table style=\"width: 660px; height: 97px;\" border=\"0\">\n<tbody>\n<tr>\n<td style=\"padding-left: 30px;\">&#8211;<\/td>\n<td style=\"padding-left: 30px;\">Communication:<\/td>\n<td style=\"padding-left: 30px;\">Data Processing, Telecommunications and Internet<\/td>\n<\/tr>\n<tr>\n<td style=\"padding-left: 30px;\">&#8211;<\/td>\n<td style=\"padding-left: 30px;\">Production:<\/td>\n<td style=\"padding-left: 30px;\">Manufacturing, Process Control<\/td>\n<\/tr>\n<tr>\n<td style=\"padding-left: 30px;\">&#8211;<\/td>\n<td style=\"padding-left: 30px;\">Security:<\/td>\n<td style=\"padding-left: 30px;\">Hospitals, Transport and Air Traffic Control<\/td>\n<\/tr>\n<\/tbody>\n<\/table>\n<ul>\n<li>Manufacturers of components for critical power supply systems<\/li>\n<\/ul>\n<p style=\"padding-left: 30px;\">&#8211;\u00a0\u00a0\u00a0\u00a0\u00a0\u00a0\u00a0\u00a0\u00a0 Uninterruptible power supply systems<\/p>\n<p style=\"padding-left: 30px;\">&#8211;\u00a0\u00a0\u00a0\u00a0\u00a0\u00a0\u00a0\u00a0\u00a0 Diesel generators, cogeneration<\/p>\n<p style=\"padding-left: 30px;\">&#8211;\u00a0\u00a0\u00a0\u00a0\u00a0\u00a0\u00a0\u00a0\u00a0 Energy Storage<\/p>\n<ul>\n<li>Planning offices and installers of reliable power supply systems<\/li>\n<\/ul>\n<p><!--:--><\/p>\n","protected":false},"excerpt":{"rendered":"<p>Starke Partner f\u00fcr sichere Stromversorgung F\u00fcr die Sicherung der Grundversorgung mit Strom vernetzen sich Energieunternehmen international. F\u00fcr die Sicherung vor Ort braucht es Know-how-Partnerschaften f\u00fcr die st\u00f6rungssicheren Funktionen. Wir bieten Ingenieurdienstleistungen f\u00fcr die sichere und unterbrechungsfreie Stromversorgung f\u00fcr \u00a0\u00a0\u00a0\u00a0\u00a0\u00a0\u00a0\u00a0\u00a0 Anlagenbetreiber \u2013 Ger\u00e4tehersteller \u2013 Planungsb\u00fcros \u00a0 Betreiber von sicheren Stromversorgungsanlagen aus &#8211; \u00a0Kommunikation: Datenverarbeitung, Telekommunikation und &hellip;<\/p>\n<p class=\"read-more\"> <a class=\"\" href=\"https:\/\/www.darrelmann-ingenieure.de\/?page_id=58\"> <span class=\"screen-reader-text\">Kundengruppen \/ Customer Groups<\/span> Weiterlesen &raquo;<\/a><\/p>\n","protected":false},"author":1,"featured_media":0,"parent":0,"menu_order":3,"comment_status":"closed","ping_status":"closed","template":"","meta":{"site-sidebar-layout":"default","site-content-layout":"default","ast-global-header-display":"","ast-main-header-display":"","ast-hfb-above-header-display":"","ast-hfb-below-header-display":"","ast-hfb-mobile-header-display":"","site-post-title":"","ast-breadcrumbs-content":"","ast-featured-img":"","footer-sml-layout":"","theme-transparent-header-meta":"","adv-header-id-meta":"","stick-header-meta":"","header-above-stick-meta":"","header-main-stick-meta":"","header-below-stick-meta":""},"_links":{"self":[{"href":"https:\/\/www.darrelmann-ingenieure.de\/index.php?rest_route=\/wp\/v2\/pages\/58"}],"collection":[{"href":"https:\/\/www.darrelmann-ingenieure.de\/index.php?rest_route=\/wp\/v2\/pages"}],"about":[{"href":"https:\/\/www.darrelmann-ingenieure.de\/index.php?rest_route=\/wp\/v2\/types\/page"}],"author":[{"embeddable":true,"href":"https:\/\/www.darrelmann-ingenieure.de\/index.php?rest_route=\/wp\/v2\/users\/1"}],"replies":[{"embeddable":true,"href":"https:\/\/www.darrelmann-ingenieure.de\/index.php?rest_route=%2Fwp%2Fv2%2Fcomments&post=58"}],"version-history":[{"count":38,"href":"https:\/\/www.darrelmann-ingenieure.de\/index.php?rest_route=\/wp\/v2\/pages\/58\/revisions"}],"predecessor-version":[{"id":468,"href":"https:\/\/www.darrelmann-ingenieure.de\/index.php?rest_route=\/wp\/v2\/pages\/58\/revisions\/468"}],"wp:attachment":[{"href":"https:\/\/www.darrelmann-ingenieure.de\/index.php?rest_route=%2Fwp%2Fv2%2Fmedia&parent=58"}],"curies":[{"name":"wp","href":"https:\/\/api.w.org\/{rel}","templated":true}]}}