{"id":40,"date":"2012-03-07T19:14:42","date_gmt":"2012-03-07T19:14:42","guid":{"rendered":"http:\/\/www.darrelmann-ingenieure.de\/?page_id=40"},"modified":"2023-02-05T12:17:49","modified_gmt":"2023-02-05T12:17:49","slug":"unsere-kompetenzen","status":"publish","type":"page","link":"https:\/\/www.darrelmann-ingenieure.de\/?page_id=40","title":{"rendered":"Dipl.-Ing. Hilmar Darrelmann"},"content":{"rendered":"<p><!--:de--><\/p>\n<h5>Dipl.-Ing. Hilmar Darrelmann<\/h5>\n<p><a href=\"https:\/\/www.darrelmann-ingenieure.de\/wp-content\/uploads\/2012\/03\/Foto_Darrelmann_2-e1335350333879.jpg\"><img decoding=\"async\" loading=\"lazy\" class=\"size-medium wp-image-182 alignnone\" title=\"Foto_Darrelmann_2\" src=\"https:\/\/www.darrelmann-ingenieure.de\/wp-content\/uploads\/2012\/03\/Foto_Darrelmann_2-271x300.jpg\" alt=\"\" width=\"271\" height=\"300\" \/><\/a><\/p>\n<p>An der Technischen Universit\u00e4t Braunschweig habe ich Elektrotechnik studiert mit den Schwerpunkten elektrische Maschinen und Leistungselektronik.<\/p>\n<p>Im Bereich sicherer Stromversorgung und Antriebstechnik\u00a0 konnte ich \u00fcber viele Jahre Erfahrungen sammeln, insbesondere mit statischen und dynamischen unterbrechungsfreien Stromversorgungsanlagen, 400 Hz Flugzeugstromversorgungen, sowie mit der Entwicklung von Schwungmassenspeichern. Dabei war ich in leitenden Funktionen in Entwicklung, Pr\u00fcffeld, Service und Produktmanagement t\u00e4tig.<\/p>\n<p>Seit 2006 f\u00fchre ich ein eigenes Ingenieurb\u00fcro, Darrelmann + Partner Ingenieure, spezialisiert auf Dienstleistungen f\u00fcr die sichere Stromversorgung mit Konzeptentwicklung, Berechnung und Analysen mit den Kernkompetenzen Kurzschlussstromberechnung und Auslegung von USV- Verteilnetzen, Zuverl\u00e4ssigkeitsberechnung und Speichertechnik.<\/p>\n<p><!--:--><!--:en--><\/p>\n<hr \/>\n<p>At the Technical University of Braunschweig, I studied electrical engineering with a focus on electrical machines and power electronics.<\/p>\n<p>In the field of secure power supply and drive technology for many years I have gained experience, especially with static and dynamic uninterruptible power supply systems, 400 Hz aircraft power supplies, and the development of flywheel storage. And I worked in senior positions in development, testing, service and product management.<\/p>\n<p>Since 2006 I run a private engineering firm, Darrelmann + Partner Ingenieure, specializing in services for the critical power supply systems with concept development, calculation and analysis. Core competencies are short circuit current calculation and design of UPS distribution systems, reliability calculation and storage technology.<\/p>\n<p><!--:--><\/p>\n","protected":false},"excerpt":{"rendered":"<p>Dipl.-Ing. Hilmar Darrelmann An der Technischen Universit\u00e4t Braunschweig habe ich Elektrotechnik studiert mit den Schwerpunkten elektrische Maschinen und Leistungselektronik. Im Bereich sicherer Stromversorgung und Antriebstechnik\u00a0 konnte ich \u00fcber viele Jahre Erfahrungen sammeln, insbesondere mit statischen und dynamischen unterbrechungsfreien Stromversorgungsanlagen, 400 Hz Flugzeugstromversorgungen, sowie mit der Entwicklung von Schwungmassenspeichern. Dabei war ich in leitenden Funktionen in &hellip;<\/p>\n<p class=\"read-more\"> <a class=\"\" href=\"https:\/\/www.darrelmann-ingenieure.de\/?page_id=40\"> <span class=\"screen-reader-text\">Dipl.-Ing. Hilmar Darrelmann<\/span> Weiterlesen &raquo;<\/a><\/p>\n","protected":false},"author":1,"featured_media":0,"parent":0,"menu_order":11,"comment_status":"closed","ping_status":"closed","template":"","meta":{"site-sidebar-layout":"default","site-content-layout":"default","ast-global-header-display":"","ast-main-header-display":"","ast-hfb-above-header-display":"","ast-hfb-below-header-display":"","ast-hfb-mobile-header-display":"","site-post-title":"","ast-breadcrumbs-content":"","ast-featured-img":"","footer-sml-layout":"","theme-transparent-header-meta":"","adv-header-id-meta":"","stick-header-meta":"","header-above-stick-meta":"","header-main-stick-meta":"","header-below-stick-meta":""},"_links":{"self":[{"href":"https:\/\/www.darrelmann-ingenieure.de\/index.php?rest_route=\/wp\/v2\/pages\/40"}],"collection":[{"href":"https:\/\/www.darrelmann-ingenieure.de\/index.php?rest_route=\/wp\/v2\/pages"}],"about":[{"href":"https:\/\/www.darrelmann-ingenieure.de\/index.php?rest_route=\/wp\/v2\/types\/page"}],"author":[{"embeddable":true,"href":"https:\/\/www.darrelmann-ingenieure.de\/index.php?rest_route=\/wp\/v2\/users\/1"}],"replies":[{"embeddable":true,"href":"https:\/\/www.darrelmann-ingenieure.de\/index.php?rest_route=%2Fwp%2Fv2%2Fcomments&post=40"}],"version-history":[{"count":18,"href":"https:\/\/www.darrelmann-ingenieure.de\/index.php?rest_route=\/wp\/v2\/pages\/40\/revisions"}],"predecessor-version":[{"id":470,"href":"https:\/\/www.darrelmann-ingenieure.de\/index.php?rest_route=\/wp\/v2\/pages\/40\/revisions\/470"}],"wp:attachment":[{"href":"https:\/\/www.darrelmann-ingenieure.de\/index.php?rest_route=%2Fwp%2Fv2%2Fmedia&parent=40"}],"curies":[{"name":"wp","href":"https:\/\/api.w.org\/{rel}","templated":true}]}}